= -s. Suppose -3*u = 5*f - 36, 2*u + s = -f + 3. Suppose 1 = 4*d + f. Let l(o) = -o - 1. Give l(d).
1
Let j(d) = -d**3 + 3*d**2 + 5*d**2 + 0 + 6 - 4*d - 4*d. Calculate j(7).
-1
Let y(t) = 2*t**2 - 3*t. Let c be y(2). Let r be (-5 + -1)/(-1*c). Let k(q) = q**2 - q - 3. Calculate k(r).
3
Let j(p) = -p**2 - 5*p - 7. Let i = 22 + -29. Determine j(i).
-21
Let g(o) be the third derivative of -o**5/30 + o**4/4 - 2*o**3/3 - o**2. Let m = -16 + 15. Let x be 3*m/(-6)*8. Calculate g(x).
-12
Let h(z) be the first derivative of -z**6/120 - z**5/20 - z**3/3 + z**2 - 1. Let u(y) be the second derivative of h(y). What is u(-2)?
-6
Let o(d) = 6*d**2 - 10*d + 13. Let g(k) = -5*k**2 + 9*k - 12. Let i(m) = 7*g(m) + 6*o(m). Determine i(-5).
4
Let d(s) = -s + 1 + 1 - 1. Determine d(3).
-2
Let i(q) = -q - 2. Suppose -3*t + k = -7, -t + 5*t + 4 = 4*k. Suppose -t*r + 46 = 6. Suppose -4*f - f = r. Give i(f).
0
Let s = 209/8 - 26. Let m(x) be the third derivative of s*x**4 + 0*x + 2*x**2 + 0 - 7/6*x**3. Calculate m(5).
8
Let m(a) = -1 + 18 - 11 - 7 - a. Let v(c) = c - 2. Let f be v(2). Give m(f).
-1
Let i(q) = q + 4. Let y be i(-5). Let t(g) = g**2 + 6*g + 7. Let m be t(-5). Let c(d) = 5*d**3 - 4*d**3 + m*d**3. Give c(y).
-3
Suppose -5*o + 12 = 2. Let p(i) be the second derivative of i**5/20 - i**3/3 + i**2/2 + i. What is p(o)?
5
Suppose -5*w - 36 = -4*x + 20, -x - w + 5 = 0. Let h(l) = 0 + x*l + 0 - 8*l. What is h(3)?
3
Let a(c) = 5*c**2 + 13*c - 4*c**2 + 10 - 2. Determine a(-10).
-22
Let s(n) = -3*n**3 - 8*n**2 - n - 6. Let h(q) = q**3 + q**2 - q - 1. Let x(v) = 2*h(v) + s(v). Give x(-6).
10
Let h(p) = p**2 - 8*p + 7. Let f(o) = o**3 + 7*o**2 - 8*o + 5. Let z be f(-8). Determine h(z).
-8
Let h(q) = -q**3 - 3*q**2 - q - 2. Let i be 6/(5*1*10/(-25)). Determine h(i).
1
Let z = 87 - 49. Suppose 5*m = 5*f, 0 = -3*m - 3*f + z - 8. Let g(h) = -h - 2. Give g(m).
-7
Suppose -5*b = 25, -29 = 4*x + b - 0*b. Let h(q) = -q**2 - 7*q. Calculate h(x).
6
Let t(u) = -7*u**2 + 7*u. Let z(o) = -8*o**2 + 8*o - 1. Let b(w) = -7*t(w) + 6*z(w). Determine b(0).
-6
Let m(o) = o**3 + 7*o**2 - 9*o - 3. Let c be m(-8). Let j(z) = -z**2 + 3*z - 6. Determine j(c).
-16
Let u(r) = 1. Let d(p) = -p - 4. Let t(n) = d(n) + 5*u(n). What is t(-3)?
4
Suppose 0 = -2*q + q + 5*k - 5, -q = k - 1. Let p(h) = -h**2 + 8. Determine p(q).
8
Suppose 0*f + 6 = -f. Let v(o) be the third derivative of o**4/24 + 13*o**3/6 + o**2. What is v(f)?
7
Let d(b) = -b**2 - 4*b - 1. Let l be d(-2). Let r(i) = -2*i - 1. Let f be r(-1). Let v be l + f + 1 - 1. Let p(s) = s - 7. Determine p(v).
-3
Let m(t) be the second derivative of -3*t**5/10 - t**4/6 + t**3/3 - t**2/2 - 5*t. Give m(1).
-7
Let a(r) = 2*r**2 + 12*r + 4. Let w be a(-5). Let s(p) = p. What is s(w)?
-6
Suppose -5*l + 27 = 12. Let n(q) = q**3 - 4*q**2 + 3. What is n(l)?
-6
Let w(z) = 1 - 3 + 2*z + 0*z. Let a be (-4)/(((-24)/(-15))/4). Let q = a - -7. Give w(q).
-8
Suppose 5*f + q + 15 = -25, -f - 22 = 3*q. Let y(t) = -3*t - 8. Determine y(f).
13
Let y(s) = -s**2 + 10*s - 15. Let z be y(8). Let t(u) = 3*u**2 + 1. Give t(z).
4
Let v(o) be the first derivative of -o**5/30 - o**4/24 + o**3/6 - 3*o**2/2 + 3. Let i(q) be the second derivative of v(q). Determine i(-2).
-5
Let u(p) = -p + 1. Let n(o) = -o**3 + 5*o**2 - 1. Let f be n(5). Give u(f).
2
Let h(w) be the second derivative of w**4/12 + 5*w**2 + 6*w. Let u(o) = o + 4. Let a be u(-4). Suppose 2*d + 3*d = a. Give h(d).
10
Let u(f) be the first derivative of 6 + 1/3*f**3 - f - 1/2*f**2. Give u(2).
1
Let n(u) = -u**2 - 2*u + 1. Suppose -5*l + 55 = -3*i + 21, 3*i + 9 = 0. Suppose 1 = -2*y - 2*k + k, -5*k = l*y + 10. What is n(y)?
-2
Suppose 0 = -4*f - 5 - 7. Let j(k) = k**3 + 3*k - k + k + 3*k**2. What is j(f)?
-9
Let i(c) = -6*c**2 - 1. Suppose -3*v = -2*u - 9, -13 + 1 = -4*v + 2*u. Suppose -2 + v = -f. Determine i(f).
-7
Let l(a) = -a**3 + 2*a**2 + 4*a - 4. Let m be l(3). Let p(v) = -2*v - 4*v**2 + 3*v + 2*v**2. Give p(m).
-3
Let z(d) = 4*d**2 - 2*d - 6. Let w be z(-3). Let x(k) = -4*k + 5*k - 33 + w. Calculate x(-6).
-3
Let g(p) = 4*p. Let x(t) = t - 12. Let i be x(16). Suppose -2*q + 4*a = 4, 6*a - 3*a = -i*q - 8. What is g(q)?
-8
Let n(w) be the second derivative of w**4/3 - w**3/3 + w**2/2 + w. Determine n(1).
3
Let f(g) be the third derivative of 0*g**3 + 2*g**2 + 0*g + 0*g**5 + 1/120*g**6 + 0 - 1/24*g**4. Give f(2).
6
Let o(c) be the first derivative of 1/4*c**4 + 4/3*c**3 + 2 - 7/2*c**2 - 7*c. Let t(r) = r**3 + 6*r**2 - 5*r + 9. Let l be t(-7). Give o(l).
3
Suppose 0 = -4*i - 0*i - 5*f - 10, 5*f - 10 = 0. Let s(y) = -y + 1. Determine s(i).
6
Let f be (1 - -2)/((-9)/24). Let s(w) = w**3 + 8*w**2 + w + 7. Let i be s(f). Let x(g) = -9*g + 1. Calculate x(i).
10
Let x(p) = -5*p**2 - 5*p + 2*p**3 + 12*p**2 - p**3 - 2*p**3 + 4. Determine x(6).
10
Let c(h) = -h + 3 + 8*h - 6*h. Determine c(6).
9
Let g be 2/9 + (-144)/(-81). Let h(c) = -2*c**3 + 3*c**2 - 3*c**g + 3*c + c**3 - 3*c**2 - 1. What is h(-4)?
3
Let p(g) be the third derivative of g**6/120 - g**4/24 - g**3/3 + g**2. Suppose 4*i + 0 = 2*a + 12, a + 4 = i. Calculate p(a).
-8
Suppose -m + 4*x = -8, -4*m + 5*x = -9*m - 10. Let y(l) = -2 + 3*l + 10*l**2 + m*l**3 - 12*l**2 - l**3. Give y(-3).
-2
Let k be 21/(-12)*12/(-140). Let d(h) be the second derivative of -h + 1/6*h**3 - 1/2*h**2 - k*h**5 - 1/12*h**4 + 0. Calculate d(1).
-4
Suppose 0*n + 2*n - 20 = 0. Let o(f) = 3 + n*f - 6*f - 2 + 0. Calculate o(-4).
-15
Let v(f) be the first derivative of -1/3*f**3 - 7*f - 1/2*f**2 - 1. Let l(d) = d**2 - 6*d. Let q be l(6). Calculate v(q).
-7
Let u(s) = -s**2 - 9*s - 6. Suppose -31 = 4*w + 5*x, 0*x = x - 1. Determine u(w).
-6
Let w(l) = -l**2 + l - 2. Let v(c) = -c + 1. Let t = -2 - -8. Let r(n) = t*v(n) + w(n). Suppose 5*f - 5 = 6*f. Determine r(f).
4
Let l be -2 + (2 - (-1 - -3)). Let a(d) = -4*d - 3. Let i be a(l). Let j(f) = f**2 - 5*f. Determine j(i).
0
Let c be 12/42 - 33/(-7). Suppose -c*b + 15 = -0*b. Let y(d) = 0*d**3 - 2*d**3 - d + d**b - d**2. Calculate y(0).
0
Let g(c) = -3*c**2 + 2*c + 2. Suppose -7 - 7 = 7*t. Give g(t).
-14
Let y = -21 - -13. Let h(p) = p + 5. Let m be h(y). Let j be m + 0 + 0 + 0. Let v(b) = b**2 + 3*b + 3. Calculate v(j).
3
Let f(s) = -8 - 7*s**3 + 5*s**3 + 2*s + 6*s**2 + 3*s**3 - 3*s. Let x(w) = -w**3 + 3*w**2 - 2*w. Let g be x(3). Give f(g).
-2
Let v(w) be the first derivative of -1/3*w**3 + w**4 + w - 3 + 0*w**2. Determine v(-1).
-4
Let h(l) = -l + 4. Let r(b) = b - 4. Let g(i) = 4*h(i) + 3*r(i). Calculate g(-4).
8
Let k(c) be the third derivative of -c**5/60 - c**4/12 - c**3/2 + c**2. Let b be 221/(-85) + (0 - 3/(-5)). Determine k(b).
-3
Let v = 19 - 13. Let h(d) = 7*d - 9 + 3*d**2 + 0*d - 8*d**3 + 7*d**3 + 2*d**2. Calculate h(v).
-3
Let i(d) be the third derivative of d**4/24 + d**3/6 - 17*d**2. Calculate i(-1).
0
Let o = -3 - -7. Suppose 4*q = -j - 5 - 0, -5*q - o = 2*j. Suppose 5*u + j*y = u - 5, 3*u + 3*y = -6. Let r(i) = -i**3 + i. Give r(u).
0
Let c(g) = g**3 + 5*g**2 + 2*g - 2. Let p(o) be the third derivative of -o**6/40 - o**5/4 - o**4/4 + o**3 + 3*o**2. Let l(r) = -17*c(r) - 6*p(r). What is l(-4)?
6
Let j(d) = -d + 2. Let o be j(2). Let b(x) = x**3 - x + 1. Calculate b(o).
1
Let n(h) be the third derivative of h**6/120 + h**5/20 + h**4/24 - 2*h**3/3 + 2*h**2. Give n(-4).
-24
Let u(c) = -2*c**2 + 4*c. Let g(a) = 8*a**3 - 2*a + a**2 + a**2 + 3*a. Let y be g(-1). Let m = y - -10. Determine u(m).
-6
Let i(l) be the first derivative of -l**3/6 - l**2/2 - l - 4. Let g(w) be the first derivative of i(w). Determine g(3).
-4
Let q(k) be the second derivative of k**5/20 - 3*k**4/4 + 7*k**3/6 + 3*k**2 + 30*k. Calculate q(8).
-2
Let i(t) = t**2 + 2*t. Let y be i(-2). Let c(q) = -q**3 - q + 1. Let s(f) = -4*f**3 + f**2 - 6*f + 3. Let d(x) = -5*c(x) + s(x). Calculate d(y).
-2
Let h be 6*(1 - (2 + -2)). Let s(r) = -3 + h*r - 2*r - r + 2. Let o(j) = -2*j - 2. Let c be o(-2). Give s(c).
5
Let q(f) = 13*f**3 + f**2 + f - 1. Let t = 100 + -99. Determine q(t).
14
Let a(s) = s**3 - 9*s + 3*s**2 + 3*s - 8*s**2 - 2. What is a(6)?
-2
Let h(s) be the third derivative of s**6/120 + s**5/30 + s**3/3 - s**2. Let m = 5 + -8. Give h(m).
-7
Let b(a) = a**2 - 8 + 5*a + 30 - 15. Determine b(-5).
7
Let t(u) = 5*u. Let g be (-9*1)/((-1)/3). Suppose -g = 5*y - s 